61?
6
What is the tens digit of 624324?
2
What is the tens digit of 2012733?
3
What is the hundred thousands digit of 189142?
1
What is the thousands digit of 4891804?
1
What is the thousands digit of 7948?
7
What is the hundred thousands digit of 1910320?
9
What is the units digit of 29657?
7
What is the hundred thousands digit of 3232762?
2
What is the tens digit of 71973?
7
What is the units digit of 2008410?
0
What is the units digit of 852688?
8
What is the ten thousands digit of 273373?
7
What is the hundred thousands digit of 9644364?
6
What is the hundred thousands digit of 1709558?
7
What is the hundreds digit of 488980?
9
What is the ten thousands digit of 109308?
0
What is the units digit of 131673?
3
What is the hundred thousands digit of 241968?
2
What is the hundreds digit of 451486?
4
What is the thousands digit of 1109636?
9
What is the thousands digit of 3345606?
5
What is the hundred thousands digit of 110355?
1
What is the ten thousands digit of 1456956?
5
What is the hundreds digit of 4407620?
6
What is the hundreds digit of 3417574?
5
What is the ten thousands digit of 101735?
0
What is the hundreds digit of 39550?
5
What is the hundreds digit of 487896?
8
What is the tens digit of 148475?
7
What is the tens digit of 5980343?
4
What is the ten thousands digit of 148207?
4
What is the hundreds digit of 25381714?
7
What is the millions digit of 1776790?
1
What is the hundreds digit of 83017?
0
What is the hundred thousands digit of 3444841?
4
What is the ten thousands digit of 1235359?
3
What is the hundreds digit of 1040074?
0
What is the thousands digit of 2110034?
0
What is the hundred thousands digit of 3393350?
3
What is the tens digit of 199484?
8
What is the tens digit of 73255?
5
What is the hundreds digit of 1480595?
5
What is the thousands digit of 775920?
5
What is the tens digit of 284207?
0
What is the ten thousands digit of 5887773?
8
What is the tens digit of 737107?
0
What is the thousands digit of 53802?
3
What is the thousands digit of 53653?
3
What is the ten thousands digit of 381335?
8
What is the tens digit of 405847?
4
What is the tens digit of 10697888?
8
What is the tens digit of 284091?
9
What is the ten thousands digit of 294287?
9
What is the hundred thousands digit of 660262?
6
What is the hundred thousands digit of 25832522?
8
What is the millions digit of 23589666?
3
What is the hundred thousands digit of 116473?
1
What is the units digit of 8270276?
6
What is the millions digit of 3228083?
3
What is the millions digit of 21834368?
1
What is the units digit of 4865006?
6
What is the ten thousands digit of 348382?
4
What is the units digit of 1466312?
2
What is the ten thousands digit of 433247?
3
What is the thousands digit of 4162884?
2
What is the units digit of 267723?
3
What is the hundreds digit of 1499290?
2
What is the thousands digit of 26964267?
4
What is the tens digit of 24786383?
8
What is the hundred thousands digit of 7090896?
0
What is the tens digit of 191466?
6
What is the thousands digit of 46394?
6
What is the hundreds digit of 596702?
7
What is the ten thousands digit of 53513?
5
What is the ten thousands digit of 577021?
7
What is the tens digit of 12585147?
4
What is the thousands digit of 237680?
7
What is the ten thousands digit of 1057373?
5
What is the hundreds digit of 179197?
1
What is the hundred thousands digit of 152244?
1
What is the tens digit of 3674703?
0
What is the millions digit of 10816631?
0
What is the thousands digit of 2030370?
0
What is the millions digit of 4390366?
4
What is the tens digit of 16586?
8
What is the ten thousands digit of 89459?
8
What is the thousands digit of 3446360?
6
What is the hundreds digit of 457799?
7
What is the units digit of 4890702?
2
What is the millions digit of 9612619?
9
What is the ten thousands digit of 76015?
7
What is the hundred thousands digit of 1467715?
4
What is the ten thousands digit of 187538?
8
What is the thousands digit of 874247?
4
What is the tens digit of 8971149?
4
What is the thousands digit of 8897?
8
What is the ten thousands digit of 15034075?
3
What is the hundreds digit of 1360351?
3
What is the ten thousands digit of 802627?
0
What is the hundreds digit of 127505?
5
What is the hundred thousands digit of 995567?
9
What is the hundred thousands digit of 1055808?
0
What is the units digit of 2545989?
9
What is the ten thousands digit of 18818905?
1
What is the thousands digit of 7979050?
9
What is the units digit of 2654441?
1
What is the hundred thousands digit of 345318?
3
What is the thousands digit of 17173628?
3
What is the thousands digit of 4092860?
2
What is the units digit of 217206?
6
What is the tens digit of 3650404?
0
What is the units digit of 173044?
4
What is the hundred thousands digit of 446553?
4
What is the hundreds digit of 6373395?
3
What is the ten thousands digit of 15596904?
9
What is the hundreds digit of 3036122?
1
What is the hundreds digit of 1042108?
1
What is the tens digit of 180025?
2
What is the tens digit of 178856?
5
What is the millions digit of 3816563?
3
What is the ten thousands digit of 169110?
6
What is the hundred thousands digit of 2738029?
7
What is the tens digit of 196401?
0
What is the tens digit of 814285?
8
What is the hundreds digit of 251339?
3
What is the hundreds digit of 12433880?
8
What is the hundred thousands digit of 345314?
3
What is the thousands digit of 18674991?
4
What is the tens digit of 6023606?
0
What is the ten thousands digit of 1951418?
5
What is the tens digit of 483984?
8
What is the thousands digit of 3197648?
7
What is the ten thousands digit of 30642295?
4
What is the ten thousands digit of 176050?
7
What is the ten thousands digit of 29409339?
0
What is the millions digit of 2045785?
2
What is the thousands digit of 3634937?
4
What is the hundreds digit of 546847?
8
What is the thousands digit of 177518?
7
What is the hundreds digit of 10489113?
1
What is the units digit of 317649?
9
What is the hundred thousands digit of 159443?
1
What is the hundreds digit of 26716147?
1
What is the tens digit of 330840?
4
What is the units digit of 7418176?
6
What is the millions digit of 2094454?
2
What is the hundreds digit of 13711835?
8
What is the hundreds digit of 1203753?
7
What is the thousands digit of 424455?
4
What is the thousands digit of 38337?
8
What is the thousands digit of 3385?
3
What is the hundred thousands digit of 3218559?
2
What is the units digit of 16087530?
0
What is the hundred thousands digit of 451447?
4
What is the hundreds digit of 86148?
1
What is the ten thousands digit of 720007?
2
What is the ten thousands digit of 574541?
7
What is the units digit of 1336583?
3
What is the ten thousands digit of 1805285?
0
What is the hundreds digit of 1381982?
9
What is the tens digit of 1415235?
3
What is the millions digit of 11817322?
1
What is the tens digit of 492300?
0
What is the hundreds digit of 2775250?
2
What is the tens digit of 725350?
5
What is the ten thousands digit of 37096187?
9
What is the hundred thousands digit of 234943?
2
What is the units digit of 288422?
2
What is the ten millions digit of 17224626?
1
What is the thousands digit of 456276?
6
What is the tens digit of 680358?
5
What is the ten thousands digit of 527898?
2
What is the hundreds digit of 141106?
1
What is the hundreds digit of 248068?
0
What is the units digit of 1877176?
6
What is the units digit of 128909?
9
What is the hundreds digit of 270224?
2
What is the tens digit of 595838?
3
What is the units digit of 181653?
3
What is the hundred thousands digit of 13307199?
3
What is the thousands digit of 41850?
1
What is the units digit of 450213?
3
What is the hundred thousands digit of 6229522?
2
What is the millions digit of 1501669?
1
What is the tens digit of 17498663?
6
What is the hundreds digit of 162145?
1
What is the hundred thousands digit of 289969?
2
What is the thousands digit of 13844519?
4
What is the ten thousands digit of 16727741?
2
What is the thousands digit of 334928?
4
What is the ten thousands digit of 13507?
1
What is the hundred thousands digit of 6562827?
5
What is the units digit of 8378139?
9
What is the thousands digit of 2589722?
9
What is the thousands digit of 399590?
9
What is the tens dig